at is v(a)?
3
Suppose 2*y + 16 = 4*a, y = 6*y - a - 5. Suppose -y*g + 5*g + 12 = 0. Let u(n) = -n**3 - 5*n**2 - 6*n - 3. Give u(g).
5
Suppose -5*o - 22 = -97. Let y(t) = -t + 16. Let d be y(o). Let h(w) = 4*w + 16. Let f(v) = -v - 1. Let i(q) = d*h(q) + 5*f(q). Give i(6).
5
Let q be 2/(2*(-4)/(-300)). Let t = q + -73. Let k(b) = 8*b - 2. What is k(t)?
14
Let f(i) be the second derivative of i**4/12 - 5*i**3/6 - 4*i**2 + 4*i. Let p(r) = -2*r**3 - 15*r**2 - 7*r + 7. Let m be p(-7). What is f(m)?
6
Let j(k) = k + 20. Let x be j(-14). Let y(f) = 3*f - 13. What is y(x)?
5
Suppose -4*z + 10 = a - 5, -2*a = 2*z. Let f(p) = p**3 + 3*p**2 - 11*p - 4. Determine f(a).
1
Let u(i) = -7*i - 1 - 1 + 3 - 3 + 4. Determine u(-2).
16
Let j(a) = a**3 + a**2 - a - 9. Let u be j(0). Let x(c) = -c**2 - 12*c - 5. What is x(u)?
22
Let o(l) = -l**3 - 15*l**2 + 2*l + 7. Let j be o(-15). Let u = j + 39. Let q be u/(-72) + 2/9. Let f(r) = r - 7. Determine f(q).
-7
Let g(k) = -1. Let z(x) be the second derivative of x**4/12 - x**3/3 - x**2 + 7*x. Let h(w) = -4*g(w) + z(w). Determine h(4).
10
Let y be (-306)/(-1530) - (-1 - (-24)/(-5)). Let j(a) = -a**2 + 3*a + 20. Determine j(y).
2
Let k(c) = 9*c + 11. Let j be k(-13). Let b = -106 - j. Let d(r) = -r + 5. Determine d(b).
5
Let f(l) = -2*l**3 - l**2 - l - 2. Let g(d) = -d**3 + d**2 + d - 1. Let z(y) = -f(y) + g(y). Calculate z(-2).
-3
Let y(h) = 21*h - 122. Let c be y(6). Let g(a) = -a**3 + 4*a**2 - a + 8. Determine g(c).
4
Suppose 3*l + 0 = -3. Let c(z) be the third derivative of -z**7/5040 - z**5/12 + 2*z**2. Let q(x) be the third derivative of c(x). Give q(l).
1
Let w be 91/13 - ((-10)/(-4))/1. Let h(z) be the second derivative of -1/6*z**3 - w*z**2 - z + 0. What is h(-4)?
-5
Suppose -138 = 11*t - 171. Let y(c) = 51*c. Let m(w) = -5*w. Let v(b) = 21*m(b) + 2*y(b). What is v(t)?
-9
Let s(v) = -9 - 6*v**2 - v**2 - 28*v**3 + 29*v**3. What is s(7)?
-9
Let q(l) = -5*l - 10. Let r(k) = -4*k - 12. Let o(y) = 5*q(y) - 4*r(y). Calculate o(-1).
7
Let z(s) be the first derivative of -s**4 - s**3 + s + 3. Let a = -8 + 6. Let p(h) = 3*h**3 + 3*h**2 - h - 2. Let d(f) = a*z(f) - 3*p(f). Give d(-4).
8
Suppose -3*u - 4*u = 0. Suppose u = -w + 5*w - 2*b + 24, w + 9 = -b. Let p(o) be the second derivative of o**4/12 + 7*o**3/6 - o**2/2 - o. What is p(w)?
-1
Suppose 0 = -12*h + 9*h + 15. Let v(k) = 2*k. Give v(h).
10
Let u(h) be the first derivative of 1/2*h**2 + 3*h**3 - 2 + 0*h. Give u(-1).
8
Let r be ((-42)/18)/(3/(-9)). Let c(h) = 2*h + 10 + 1 - 19. Give c(r).
6
Let a = 17 + -18. Let n(t) be the first derivative of -t**4 - t**3/3 - t**2/2 + 5. Calculate n(a).
4
Let f(n) = 16*n**2 - n + 1. Let w(m) = 25*m + 351. Let o be w(-14). Determine f(o).
16
Let q(t) be the second derivative of t**4/12 + t**3/3 + t**2/2 + t - 2. Determine q(-3).
4
Let h(n) = -5*n - 30. Let b(w) = -w**2 + 8*w - 5. Let j be b(8). What is h(j)?
-5
Suppose -27*r - 52 + 106 = 0. Let y(z) be the first derivative of 3*z**2/2 - 3*z - 1. What is y(r)?
3
Let g(o) be the first derivative of -o**3/3 + 9*o**2/2 - 9*o - 7. Let u(s) = s**2 - 11*s - 6. Let k be u(12). Give g(k).
9
Let j(z) = -z**3 - 8*z**2 + 10*z + 6. Let x = 33 - 42. Let g be j(x). Let a(s) = -s**2 + 4. Determine a(g).
-5
Suppose -21 = 4*n + c, 0*n + 21 = -5*n + 4*c. Let m(t) = 7*t - 7. Let r(j) = -4*j + 4. Let b(z) = n*r(z) - 3*m(z). Calculate b(1).
0
Let n(t) = -4*t - t**3 + 33*t**2 + 35*t**2 - 142*t**2 + 3 + 29*t**2 + 38*t**2. What is n(-6)?
-9
Let b(o) = -9*o**3 - 2*o**2 + 1. Let x(k) = -k**3 + 7*k**2 + 8*k + 5. Let r be x(8). Suppose 2*p - r = 5. Suppose 0*y = -5*y + p. Determine b(y).
-10
Let k(u) = -32*u**2. Let d be k(-1). Let q be (-135)/(-6)*d/(-20). Let f be ((-2)/(-6))/(4/q). Let a(m) = m - 7. Calculate a(f).
-4
Let n(g) = -3*g**2 - 1. Let d be -1 + 1 + -10 + 16. Suppose -x + d*x - 3*s - 11 = 0, 0 = 4*x - 2*s - 8. Determine n(x).
-4
Let g(m) = -12*m + 0*m**3 + 2*m**2 + 5*m**2 - m**3 + 9*m. Give g(6).
18
Let v(a) = 2*a - 22. Let d be v(16). Let q = -3 + d. Let t(u) = -u**2 + 5*u - 3. Calculate t(q).
-17
Let d(s) = -16*s + 1. Let w(z) = -z**3 - 5*z**2 + 4*z + 31. Let t be w(-4). Determine d(t).
17
Let c(q) = q**3 - 5*q**2 + 2*q - 6. Let z be c(5). Let t = -46 - -40. Let d(p) = -2*p. Let w(f) = -4*f - 1. Let s(n) = t*w(n) + 15*d(n). What is s(z)?
-18
Let k(a) = a + 9. Let s be k(8). Suppose -s*o + 1 = -18*o. Let t(h) be the first derivative of 7*h**3/3 + h**2/2 + 3. What is t(o)?
6
Let c(q) = 2*q - 5. Let y(f) = f**2 - f + 4. Let l be (5 - (-2 - -4))/1. Let r be (l + -3)/((-1)/(-1)). Let k be y(r). Give c(k).
3
Let w(h) be the third derivative of -h**6/120 - h**5/12 + h**4/8 - 5*h**3/3 + 5*h**2 - 6*h. What is w(-6)?
8
Let i(t) = 2*t**2 + t + 1. Suppose -4*r - 7 = -3. Let c be i(r). Let y(p) be the third derivative of -p**5/30 - p**4/24 + p**3/3 - 26531*p**2. What is y(c)?
-8
Let z(b) = 15*b**2 - b - 1. Suppose 2 = -2*q + 4. Suppose -17 = s - 17. Suppose -5*o - 6 + q = s. Determine z(o).
15
Let q(s) = 7*s**2 - 4*s - 6. Let f(p) = -2*p**2 - p. Let o(y) = -4*f(y) - q(y). Let u be 0 + 2*(2 + -4). Let g = 0 + u. Give o(g).
-10
Let u(p) = -5*p + 2. Let m(w) = -w - 15. Suppose 4*o - 2*f + 21 = -29, 0 = -f - 1. Let s be m(o). Give u(s).
12
Let g = -31 - -28. Let b be (71 + 1)/(-3) + g. Let j be (4/6)/(3/b). Let w(v) = -v**2 - 7*v - 1. Give w(j).
5
Suppose -7*w = 5*n - 10*w - 1, -3*n - 11 = 4*w. Let s(u) = -4*u + 1. What is s(n)?
5
Let f(u) = -43*u**2 - 2*u + 12. Let m(z) = 22*z**2 + z - 5. Let o(j) = -3*f(j) - 7*m(j). What is o(-1)?
-25
Let k(u) = -20*u - 28. Let s(l) = 7*l + 10. Let t(j) = 5*k(j) + 14*s(j). Give t(-10).
20
Let y(h) = 4*h + 1. Suppose -5*b - 10 = 2*v, -2*v + 22 = 4*b - 7*b. Suppose 0 = -v*d + 2*k + 11, 4*k = d - 14 + 1. What is y(d)?
5
Let s be 55/(-22)*4/(-2). Let h(d) be the second derivative of -11/2*d**2 - 1/6*d**3 + 0 + s*d. Calculate h(-6).
-5
Let h(n) = -n**2 - 6*n - 6. Let b be h(-6). Let y(s) be the second derivative of 0 - 34*s + 5/12*s**4 + 3/2*s**2 - 2/3*s**3 + 1/20*s**5. Give y(b).
-9
Let z(y) be the first derivative of -2*y + 79*y**3 + 6 + y**2 - 39*y**3 - 41*y**3. What is z(2)?
-10
Let l(z) be the second derivative of 1/2*z**2 + 0*z**3 + 0 - 4*z - 1/12*z**4. What is l(-2)?
-3
Let q(z) be the first derivative of -1/3*z**3 - 33 + 2*z + 0*z**2. Give q(-3).
-7
Suppose -h - 51 = 3*a - 4*h, 0 = 2*a + h + 31. Let w(o) = -o**2 - 15*o + 20. Give w(a).
4
Let q(i) be the third derivative of 8*i**2 + 0*i + 1/4*i**4 + 1/60*i**5 - 1/3*i**3 + 0. Determine q(-5).
-7
Let b(d) = d - 10. Suppose z - 2*p = 8, 3*p = 20*z - 21*z + 3. Determine b(z).
-4
Suppose 2*j = -5*a + 2*a + 14, -4*j + 3*a + 10 = 0. Suppose 8 = j*c - 0*c. Let f(y) = -4*y + c - 1 + 3*y. Give f(2).
-1
Let a(s) = 15*s**2 + 2*s - 1. Let m = -404 + 405. What is a(m)?
16
Let k(f) be the third derivative of f**6/120 - f**5/12 + 5*f**4/24 - f**3/2 - f**2. Let r(o) = o**2 + 13*o - 10. Let t be r(-14). Calculate k(t).
1
Let q(r) = 3*r**2 + 5*r - 4. Suppose 19*m + 5*d + 13 = 21*m, 3*d = 4*m - 19. What is q(m)?
64
Let t(z) = -z**3 + 2*z**2 + 3*z - 3. Let w(h) = -2*h**2 + 9*h - 6. Suppose 2*y = 4*y - 6. Let a be w(y). Determine t(a).
-3
Let q(w) = 5*w**2 + 15*w + 3. Let j be q(-3). Let m(r) = 2*r - 2*r - j + 2*r - 3. Suppose -49 + 14 = -5*o. Give m(o).
8
Let k be (-9)/(45/10) - 2*-2. Let l(h) = 1 + 0*h**k + 0*h**2 + 5*h + 0*h - h**2. Calculate l(5).
1
Let q(d) be the first derivative of -d**5/20 + d**4/4 - d**3/3 + d**2/2 - 13*d - 3. Let o(s) be the first derivative of q(s). Give o(3).
-5
Let w be -4 + 0 + -4 + 0. Let k be w/(-4) - -2 - 7. Let i(p) = p**3 + 2*p**2 + p + 2. Calculate i(k).
-10
Let j(h) = -2*h + 1. Let a = -1 - -12. Let s(x) = -x**2. Let d(f) = 6*f**2. Let i(w) = a*s(w) + 2*d(w). Let l(c) = -3*i(c) - j(c). Give l(1).
-2
Let s(i) = i**2 - 16*i + 17. Let r be s(16). Let n(x) = -20*x**2 - 5*x - 3. Let c(g) = -7*g**2 - 2*g - 1. Let b(z) = r*c(z) - 6*n(z). What is b(4)?
1
Suppose 3*s - 5*u - 40 = 0, 3*u = s - 10 - 6. Let r(y) = y**2 + 13 + 9 - 2*y**2 - 28 + 11*y. Give r(s).
4
Suppose 0 = -2*w + 1 + 7. Let f(s) be the second derivative of s**5/20 - s**4/3 - s**3/2 - s**2 + 4*s. Calculate f(w).
-14
Suppose -8*x - 20 = -4*x. Let t(j) = 3*j - 2. Let q(m) = -2*m - 1. Let f(c) = 2*q(c) + t(c). Give f(x).
1
Let j(r) = r**2 - 4*r - 8. Le